26
What is the remainder when 271119 is divided by 479?
5
What is the remainder when 20827 is divided by 563?
559
What is the remainder when 2517 is divided by 181?
164
What is the remainder when 100342 is divided by 33447?
1
Calculate the remainder when 311565 is divided by 11981.
59
Calculate the remainder when 19040 is divided by 178.
172
What is the remainder when 7747933 is divided by 38?
37
What is the remainder when 2490241 is divided by 37?
30
Calculate the remainder when 2661 is divided by 1131.
399
Calculate the remainder when 11237 is divided by 5522.
193
What is the remainder when 14294 is divided by 56?
14
Calculate the remainder when 7906 is divided by 110.
96
What is the remainder when 30220 is divided by 4295?
155
Calculate the remainder when 3270 is divided by 254.
222
Calculate the remainder when 111104 is divided by 224.
0
Calculate the remainder when 707001 is divided by 706991.
10
What is the remainder when 21798 is divided by 10?
8
Calculate the remainder when 102336 is divided by 160.
96
Calculate the remainder when 3234 is divided by 1450.
334
What is the remainder when 4456 is divided by 399?
67
Calculate the remainder when 10734 is divided by 229.
200
What is the remainder when 43776 is divided by 199?
195
What is the remainder when 44184 is divided by 33?
30
What is the remainder when 11238 is divided by 151?
64
What is the remainder when 62047 is divided by 15?
7
What is the remainder when 15958 is divided by 1773?
1
Calculate the remainder when 24508 is divided by 12250.
8
What is the remainder when 264762 is divided by 52951?
7
What is the remainder when 13086 is divided by 52?
34
Calculate the remainder when 47653 is divided by 59.
40
What is the remainder when 1406058 is divided by 1535?
1533
What is the remainder when 10427 is divided by 2085?
2
Calculate the remainder when 1839 is divided by 175.
89
What is the remainder when 1085 is divided by 221?
201
What is the remainder when 88080 is divided by 2380?
20
What is the remainder when 4336 is divided by 362?
354
What is the remainder when 2929 is divided by 44?
25
What is the remainder when 32963 is divided by 136?
51
Calculate the remainder when 2151 is divided by 672.
135
What is the remainder when 3492 is divided by 1744?
4
Calculate the remainder when 2013 is divided by 491.
49
What is the remainder when 649 is divided by 134?
113
What is the remainder when 1378 is divided by 1367?
11
What is the remainder when 778 is divided by 118?
70
What is the remainder when 27739 is divided by 2518?
41
Calculate the remainder when 46936 is divided by 521.
46
What is the remainder when 18482 is divided by 313?
15
What is the remainder when 46581 is divided by 8?
5
Calculate the remainder when 23246 is divided by 23235.
11
What is the remainder when 5953 is divided by 2743?
467
Calculate the remainder when 62981 is divided by 62980.
1
What is the remainder when 17971 is divided by 233?
30
Calculate the remainder when 133342 is divided by 995.
12
What is the remainder when 15677 is divided by 869?
35
Calculate the remainder when 1202 is divided by 278.
90
Calculate the remainder when 2724 is divided by 74.
60
Calculate the remainder when 60353 is divided by 341.
337
What is the remainder when 5269 is divided by 480?
469
What is the remainder when 3405 is divided by 428?
409
What is the remainder when 34152 is divided by 696?
48
Calculate the remainder when 19203 is divided by 738.
15
What is the remainder when 1692 is divided by 63?
54
What is the remainder when 200993 is divided by 66994?
11
What is the remainder when 26871 is divided by 1790?
21
What is the remainder when 17667 is divided by 4411?
23
Calculate the remainder when 31028 is divided by 323.
20
Calculate the remainder when 27977 is divided by 124.
77
Calculate the remainder when 1354 is divided by 420.
94
Calculate the remainder when 70623 is divided by 48.
15
Calculate the remainder when 8105 is divided by 41.
28
What is the remainder when 59267 is divided by 37?
30
What is the remainder when 3113 is divided by 621?
8
What is the remainder when 96290 is divided by 224?
194
Calculate the remainder when 107196 is divided by 58.
12
Calculate the remainder when 11086 is divided by 371.
327
Calculate the remainder when 68407 is divided by 80.
7
What is the remainder when 7649 is divided by 3798?
53
What is the remainder when 18199 is divided by 236?
27
Calculate the remainder when 445202 is divided by 332.
322
What is the remainder when 2618 is divided by 1296?
26
What is the remainder when 959362 is divided by 184?
170
Calculate the remainder when 7123 is divided by 1567.
855
Calculate the remainder when 6278 is divided by 10.
8
What is the remainder when 48734 is divided by 1874?
10
Calculate the remainder when 22107 is divided by 381.
9
What is the remainder when 43534 is divided by 45?
19
What is the remainder when 18135 is divided by 3061?
2830
Calculate the remainder when 8461 is divided by 155.
91
Calculate the remainder when 185055 is divided by 1051.
79
What is the remainder when 209444 is divided by 47?
12
What is the remainder when 157490 is divided by 335?
40
What is the remainder when 23907 is divided by 118?
71
Calculate the remainder when 12889 is divided by 560.
9
What is the remainder when 36750 is divided by 36731?
19
Calculate the remainder when 21116 is divided by 6.
2
What is the remainder when 5795 is divided by 342?
323
Calculate the remainder when 3213 is divided by 2180.
1033
Calculate the remainder when 6517 is divided by 8.
5
What is the remainder when 300819 is divided by 13?
12
Calculate the remainder when 9417 is divided by 6.
3
Calculate the remainder when 63201 is divided by 247.
216
Calculate the remainder when 27541 is divided by 2503.
8
What is the remainder when 6859 is divided by 14?
13
What is the remainder when 806 is divided by 760?
46
Calculate the remainder when 2320 is divided by 62.
26
Calculate the remainder when 15573 is divided by 78.
51
What is the remainder when 9490 is divided by 1896?
10
Calculate the remainder when 4182 is divided by 596.
10
Calculate the remainder when 324361 is divided by 19080.
1
Calculate the remainder when 1468 is divided by 171.
100
Calculate the remainder when 30258 is divided by 2326.
20
Calculate the remainder when 85811 is divided by 12.
11
What is the remainder when 13176 is divided by 117?
72
Calculate the remainder when 2078 is divided by 272.
174
What is the remainder when 2041 is divided by 71?
53
Calculate the remainder when 222095 is divided by 166.
153
What is the remainder when 13314 is divided by 42?
0
What is the remainder when 109831 is divided by 124?
91
Calculate the remainder when 4034 is divided by 123.
98
What is the remainder when 6828 is divided by 69?
66
Calculate the remainder when 451848 is divided by 314.
2
What is the remainder when 44875 is divided by 26?
25
What is the remainder when 22867 is divided by 218?
195
What is the remainder when 28715 is divided by 757?
706
Calculate the remainder when 17677 is divided by 2943.
19
What is the remainder when 49393 is divided by 233?
230
What is the remainder when 717426 is divided by 65?
21
Calculate the remainder when 4108 is divided by 584.
20
What is the remainder when 5945 is divided by 150?
95
What is the remainder when 3602 is divided by 3347?
255
Calculate the remainder when 11635 is divided by 243.
214
What is the remainder when 908115 is divided by 908094?
21
Calculate the remainder when 59824 is divided by 340.
324
Calculate the remainder when 99454 is divided by 2549.
43
Calculate the remainder when 1280921 is divided by 82.
81
What is the remainder when 564 is divided by 49?
25
What is the remainder when 4114 is divided by 55?
44
Calculate the remainder when 785 is divided by 99.
92
Calculate the remainder when 872 is divided by 123.
11
Calculate the remainder when 6276517 is divided by 21.
16
Calculate the remainder when 1588 is divided by 190.
68
Calculate the remainder when 269774 is divided by 495.
494
Calculate the remainder when 12049 is divided by 65.
24
What is the remainder when 91413 is divided by 15235?
3
Calculate the remainder when 260 is divided by 250.
10
Calculate the remainder when 11328 is divided by 5587.
154
What is the remainde